ctor of v and 14?
7
Suppose -z = 2*j + 39, 2*j + 4*z + 40 = 2*z. Let o = -13 - j. Suppose 0 = b + 2*b - o. What is the greatest common factor of 6 and b?
2
Let b = 1 - -3. Suppose -k + b = k. Calculate the highest common divisor of k and 2.
2
Suppose -7*f + 28 - 21 = 0. Calculate the greatest common factor of f and 8.
1
Let k = 37 + -17. What is the greatest common factor of 10 and k?
10
Let v be (-4)/(-6)*(-132)/(-8). What is the greatest common divisor of v and 22?
11
Suppose 0 = -6*t + 4*t - 10. Let v(s) = s**3 + 4*s**2 - 4*s + 6. Let q be v(t). What is the highest common factor of q and 1?
1
Let o = -9 + 13. Let z(t) = 5*t - 1. Let a be z(1). What is the greatest common factor of o and a?
4
Suppose 5*g - 8 = -4*f + g, 3*g + 26 = 5*f. Suppose 80 = 4*d + 4*k, -4*d + d + f*k = -25. What is the greatest common divisor of 5 and d?
5
Suppose 2*t = -1234 - 458. Let b be t/(-15) - (-8)/(-20). Calculate the greatest common divisor of 140 and b.
28
Let r(u) = -2*u**3 - 5*u**2 - 2*u. Let w be r(-4). Suppose -4*m - 4*z + w = 0, m + 46 = 5*m - z. What is the greatest common factor of 48 and m?
12
Suppose j = 5*j. Let n(y) = y**2 + 4. Let f be n(j). Suppose -15 - 29 = -f*w. Calculate the greatest common factor of w and 1.
1
Let s(z) = 27*z + 9. Let l be s(-7). Let j be (18/(-5))/(4/l). Let x = j - 71. Calculate the highest common divisor of 13 and x.
13
Let s be 2*(10/4)/5. Suppose 3*n = 4 + 2. Suppose n*u - 25 + s = 0. Calculate the highest common divisor of u and 8.
4
Suppose 167 - 47 = 2*b. Let d be 1/(-3 + 2) + -47. Let v = d - -72. What is the greatest common factor of b and v?
12
Let w(l) = -26*l**3 - 1. Let u be w(-1). Suppose 4*m + 0 = 8. Suppose -m*j = -4*j + 20. Calculate the highest common divisor of u and j.
5
Let j(r) = r**3 + 8*r**2 + 10*r + 12. Let b be j(-6). Calculate the greatest common divisor of b and 120.
24
Suppose -5 = -5*x, -2*x + 578 = -5*k + 2501. What is the highest common factor of 35 and k?
35
Let k be 1 + (-771)/(-15) + 14/(-35). Calculate the highest common divisor of k and 13.
13
Let d(t) = 2*t**2 - 10*t - 8. Let l be d(8). Calculate the greatest common factor of 5 and l.
5
Let f = 2 + -4. Let h be f/(-3) + 4/(-6). Suppose 3*b + 2*w - 6 = -b, h = -w - 5. What is the greatest common divisor of b and 20?
4
Suppose -3*y = y - 20. Suppose -5*i - y*g = -i - 28, -4*i = g - 44. What is the highest common factor of 30 and i?
6
Suppose 5*v + 596 = 3*h + 93, h + 2*v - 175 = 0. What is the greatest common divisor of 19 and h?
19
Let v be (-2)/(-5) + 236/10. Calculate the highest common divisor of 16 and v.
8
Suppose 0*a = 2*a - 4. Let u(r) = r**2 + 2*r + 1. Let t be u(-2). Let s be (t/1)/((-2)/(-4)). Calculate the greatest common factor of a and s.
2
Suppose -r = 6*r - 126. What is the greatest common divisor of r and 12?
6
Suppose -37 = -5*y + 2*u, -85 + 20 = -5*y - 5*u. Let f = y - 2. Let i = -2 + f. Calculate the highest common divisor of 25 and i.
5
Let k(u) = -u**2 - 5*u - 6. Let z(j) = -2*j**2 - 11*j - 11. Let d(t) = -9*k(t) + 4*z(t). Let l be d(0). What is the greatest common divisor of 10 and l?
10
Let y be -2*((-3)/2 - -2)*-13. Suppose -4*k + 34 + 18 = 0. Calculate the greatest common factor of y and k.
13
Let j(w) = 5*w**2 + 0*w + 6*w**2 - 1 - w + 5*w**2. Let d be j(-1). Calculate the greatest common factor of 48 and d.
16
Let b = 12 + -8. Suppose 71 + 81 = b*f. Let p = f + -22. What is the greatest common factor of 128 and p?
16
Suppose 4 + 11 = 5*o. Calculate the highest common factor of o and 2.
1
Let b = -59 - -63. Calculate the highest common divisor of b and 8.
4
Let s(b) = 24*b + 1. Let p be s(1). Calculate the greatest common divisor of p and 5.
5
Let b = 4 - -1. Let y(q) = q + 1. Let m be y(b). Suppose m*a = 2*a + 48. What is the highest common divisor of a and 24?
12
Let u be (-572)/12*(0 + -3). Let p = u - 33. What is the highest common divisor of 44 and p?
22
Suppose f - 77 = -4*h, -2*h - 8 = 5*f - 69. Let p = h - 3. What is the highest common divisor of p and 75?
15
Let l be 6/((-3)/(-2) + 0). Suppose -l*i = -81 - 55. What is the greatest common factor of 85 and i?
17
Let d be 4225/15 + 2/(-3). Suppose -4*n + 721 = d. Suppose o + 4*o - n = 0. What is the greatest common divisor of o and 2?
2
Let h be 8/(-20) + 60/25. Calculate the highest common factor of h and 9.
1
Let b be 3 - (-2 - (-2)/2). What is the highest common factor of 36 and b?
4
Suppose -7 = -3*x + 26. What is the greatest common divisor of x and 99?
11
Let k = 1 - -4. Suppose z - g - 4 = 0, 3*z + k*g = z - 27. Let f be 4*7/(-4)*z. Calculate the greatest common factor of f and 77.
7
Let u(g) = -3*g - g + 8 + 3*g. Let b be u(-6). Calculate the greatest common factor of 126 and b.
14
Let l = 8 + 1. Let y(o) = -13*o - 3. Suppose 5*v - 3*r + 10 = -8*r, -4*r - 11 = 5*v. Let s be y(v). Calculate the highest common factor of l and s.
9
Let r(o) = 3*o. Let p be r(1). Let b = 5 + p. Let s be 2/(-3) - 8/(-3). Calculate the greatest common divisor of s and b.
2
Let g be (-2)/(-4)*0/1. Suppose -2*o + 176 = -g*o. Suppose 5*r - 55 = -0*r. What is the greatest common divisor of r and o?
11
Let q(z) = -2 + 3 - 2 + z. Let g be q(7). Let c(f) = -f**2 - 8*f + 4. Let h be c(-8). Calculate the highest common factor of h and g.
2
Let k = -138 + 149. Calculate the highest common divisor of 154 and k.
11
Suppose 0*x = 2*x - 12. Suppose -n + 4 = -x. What is the greatest common divisor of n and 5?
5
Let q = 78 + -18. Calculate the highest common divisor of q and 15.
15
Let k = 16 + -11. Suppose k*s + 9 + 16 = 0, -u + 21 = -s. What is the greatest common factor of 16 and u?
16
Suppose 2*f + 8 = 0, 6*m - 26 = 3*m + 2*f. Let a = m - 3. Suppose 3*h - 2*x - 132 = x, 5*h = -a*x + 252. What is the greatest common divisor of h and 32?
16
Let i(k) = -k - 6. Suppose -3 = -3*h, -h - 5 = 5*b - 1. Let j be (b - (-11)/2)*-2. Let c be i(j). Calculate the highest common factor of c and 15.
3
Suppose -2*s + 4*s = -4, 0 = -5*w - 3*s + 19. Suppose f + 35 = 3*n + w*f, -4*n - 3*f + 42 = 0. Calculate the highest common factor of n and 63.
9
Let n = 190 - 106. Let i = 161 - n. Let p(s) = s**3 - 4*s**2 + s + 3. Let k be p(4). Calculate the greatest common divisor of k and i.
7
Suppose 2*d - d - 50 = 2*r, 2*d + 2*r = 70. Let m = 81 - d. Let b = -27 + m. Calculate the greatest common divisor of b and 28.
14
Let j(z) = -2*z. Let p be j(-6). Calculate the greatest common divisor of 96 and p.
12
Let m be (3 + -11)*8/(-1). Let x = -10 + 26. What is the highest common divisor of m and x?
16
Let l be 2/(-2)*1/(-1). Let t = -18 + 8. Let h be -4*(t/4 + 2). Calculate the greatest common divisor of l and h.
1
Let t(u) = -u**3 - 11*u**2 - 13*u - 9. Let m be t(-10). Suppose -o + 80 = 2*l, -3*l = 3*o + o - 110. Calculate the highest common factor of l and m.
21
Suppose 0*b + 22 = 2*b. Let z(o) = o**3 + 27*o**2 - 2*o + 1. Let d be z(-27). Calculate the greatest common factor of b and d.
11
Let m(o) = -2*o - 1. Let a be m(-3). Suppose a*h - 87 = -27. Calculate the greatest common divisor of h and 84.
12
Let q(t) = 7*t**3 - 2*t + 1. Let x be q(1). Suppose 13 - 4 = 3*j. Suppose j = d - x. What is the highest common factor of 6 and d?
3
Let o be 22/(-2 + -3 + 7). What is the highest common divisor of 44 and o?
11
Let z = -4 + 24. Calculate the highest common factor of 5 and z.
5
Let d = 13 - -3. Let c = 33 - d. Suppose 2*v - c = 7. What is the highest common factor of v and 96?
12
Let c = -1 - -3. Suppose -c*p = -j - 10, -j - 24 = -3*p - p. Calculate the highest common divisor of p and 56.
7
Let j = -8 - -12. What is the greatest common factor of j and 36?
4
Suppose 5 = i - 4*p, 0 = -4*p + 10 - 2. Calculate the highest common factor of i and 39.
13
Let l(u) = 5*u**3 - 4*u**2 + 4*u - 2. Let g be (-6)/(-8) + 25/20. Let m be l(g). Calculate the highest common divisor of 15 and m.
15
Let c = -30 - -66. What is the highest common divisor of c and 54?
18
Suppose -2*w + 34 = 2*n, -2*n + 6*w + 27 = w. Let r = -11 + n. Let v be (-30)/(-4)*(2 + 0). What is the greatest common factor of v and r?
5
Let f be ((-2)/4)/((-2)/4). Let s be 515/5 - (f + 2). Calculate the greatest common factor of s and 10.
10
Let i(a) = a**2 + 8*a + 2. Let o be i(-9). Let k(u) = 22*u**3 - u + 1. Let l be k(1). What is the highest common factor o